est common factor of v and 5.
5
Let b = 345 - 307. Suppose 0 = -3*s - 0*s + 2*v + 53, 0 = v - 2. What is the greatest common factor of b and s?
19
Let j = 24 + -20. Suppose -3*u + 3*g + 15 = 0, -j*u + 58 = 5*g + 20. Calculate the highest common factor of u and 14.
7
Let x be 6 + (4 - (-1 + 2)). Let u be ((-60)/x)/((-4)/6). Suppose -l - 44 = -64. What is the highest common factor of u and l?
10
Suppose -5*l - 5*a + 1029 + 686 = 0, -4*a = -4*l + 1388. What is the highest common divisor of 45 and l?
15
Let m(q) = 2*q - q**2 - 3*q + 0*q**2 + 2*q + 45. Let y be m(0). Calculate the highest common divisor of 5 and y.
5
Let y(v) = -46*v - 5. Let q be y(-1). Let r be (-2)/2 + (1 - -41). What is the highest common divisor of q and r?
41
Let z(v) = 14*v**3 + 2*v - 1. Let x be z(1). Let i = 891 - 561. Suppose 4*p - i = 2*p. What is the greatest common factor of p and x?
15
Suppose 8*c = 3*c + 95. Suppose 10 = -3*w - 5. Let x = w + 24. Calculate the greatest common divisor of c and x.
19
Let n(h) = -h**2 - 10*h - 8. Let q be n(-9). Calculate the greatest common factor of 53 and q.
1
Let n = 1831 - 1271. Suppose 2*v - n = -2*w, 2*w - 5*v - 560 = -0*w. What is the greatest common factor of w and 35?
35
Let r(m) = -m**3 + 18*m**2 - 42*m. Let n be r(14). What is the highest common divisor of 1666 and n?
98
Let r(y) = y**3 + 25*y**2 - 8*y - 44. Let u be r(-25). Let k = 174 - u. Calculate the highest common factor of 72 and k.
18
Suppose 0 = -7*f - 0*f + 3150. Suppose 5*d + 191 = -q + f, -q - 209 = -4*d. Let n = 2 - -11. Calculate the greatest common factor of d and n.
13
Suppose 9*u - 5*a + 581 = 10*u, -581 = -u + a. What is the greatest common divisor of u and 332?
83
Suppose 0 = -10*t + 8*t + 2, -4*a - 2*t = -58. Calculate the greatest common factor of a and 11.
1
Let w be (8/10)/(46/6900). Calculate the highest common divisor of w and 10.
10
Let u = -97 + 79. Let c be (-4)/u - 2/(108/(-8682)). What is the greatest common divisor of c and 23?
23
Suppose -21*p + 23*p - 4 = 0. Let f(h) = -h**2 + 2*h + 3. Let y be f(-3). Let i be p/y - 91/(-6). What is the greatest common divisor of 5 and i?
5
Suppose 24*n - 15*n = 1260. What is the highest common factor of 28 and n?
28
Suppose 8*i = 3*i, -4*q - i = -40. Suppose -5*a + 3 - q = -4*d, -5*a + 5 = 0. What is the greatest common divisor of 21 and d?
3
Let a = 610 + -599. What is the greatest common divisor of a and 814?
11
Let v be (136/6)/((6 - 7)/(-3)). Calculate the greatest common factor of v and 4.
4
Suppose 70*d - 4622 = 3078. Calculate the highest common divisor of 176 and d.
22
Let d(u) = 4*u - 2. Let n be d(4). Let o = 10 + -4. Let y be 2*(-35)/o*-3. Calculate the highest common factor of y and n.
7
Let g be 10 - (-352)/(-36) - (-2102)/18. Calculate the highest common divisor of 546 and g.
39
Let c be (-4 - (-27)/6) + 6/4. Suppose -5*y + 2*p + 58 = 0, 0 = -5*y - 0*p - c*p + 42. What is the highest common factor of 2 and y?
2
Let k = 89 - 85. Suppose k*b + 3*y = 140, -7 + 3 = y. What is the highest common factor of 2 and b?
2
Let v(m) = 4*m**2 + 75*m - 53. Let s be v(-20). What is the greatest common divisor of s and 1457?
47
Let r be 14/70 + 1*(-9)/(-5). Suppose 2*a = 4*d - 1792, 0 = -r*d + 4*a + 1008 - 124. What is the greatest common factor of d and 50?
50
Suppose -3*j - 18 = -2*s, 3*s - 2*s - 23 = 5*j. Let a be 29 - -7 - 9/s. Calculate the greatest common divisor of a and 11.
11
Let i = -19 - -22. Let c be 5/(2 - 3/i). Suppose -5 = 5*k + c, 5*k + 2 = -2*z. What is the greatest common divisor of z and 4?
4
Suppose 24572 = 36*m - 6928. Calculate the highest common divisor of 375 and m.
125
Suppose 54 = a - 2*q, -2*q = -3*a + 72 + 110. Suppose -15 = f - 4*f, -z = 4*f - a. Calculate the highest common divisor of z and 4.
4
Suppose 4*l - 1914 = -8*y + 13*y, -l - 2*y = -485. Calculate the greatest common factor of l and 74.
37
Let g = -78 - -346. Suppose -650 = 11*z + 1297. Let f = g + z. Calculate the highest common factor of 13 and f.
13
Let k be (8 + -2)/(1/4). Suppose -3*z - b = -62, -4*b = -3*z + 28 + k. Calculate the greatest common factor of 40 and z.
20
Let c = 22 + -19. Suppose -5 - 15 = 4*q, c*n = -5*q + 515. Calculate the highest common divisor of n and 20.
20
Let o = 34 + -29. What is the highest common factor of 5 and o?
5
Let g = 88 + -79. Calculate the highest common divisor of 261 and g.
9
Let j = 40 + 11. Let k = j - 24. Calculate the highest common divisor of 27 and k.
27
Let s = 576 - 336. Suppose -4*h - 2*n - 67 + 287 = 0, -3*n = -4*h + s. Calculate the greatest common divisor of 38 and h.
19
Suppose 26*s - 140 = 21*s. Let z(h) = h + 15. Let t be z(13). What is the greatest common factor of s and t?
28
Let i be 4*-1*(1 + -27). Let c(w) = 1 + 53*w - 36*w - 42*w. Let a be c(-1). What is the highest common factor of a and i?
26
Let u be 1*42/(-6) - -21. Let w = -6 - -10. Suppose -3*s - l + 47 = 0, 4*l = -2*s + w*s - 8. What is the highest common factor of u and s?
14
Let i(w) = w**3 - 10*w**2 + 24*w - 58. Let u be i(8). What is the highest common divisor of 177 and u?
3
Let h be (0/(-3) - -12)*28/42. What is the highest common divisor of h and 36?
4
Let f be (-6)/2 + 920/8*1. Let p(s) = s**3 + 3*s**2 - s - 2. Let d be p(2). Calculate the highest common factor of d and f.
16
Let g be 3 - ((-1)/(-3))/((-5)/30). Suppose -4*r + 3*r + 3 = 0, 0 = g*c + 2*r - 516. What is the greatest common divisor of 17 and c?
17
Let o = 957 - 741. Calculate the greatest common factor of 612 and o.
36
Suppose -4*u - 108 = -t + 5*t, 0 = -2*t - u - 50. Suppose 67 = 2*y + k, k - 2*k = -2*y + 69. Let r = t + y. What is the highest common divisor of r and 77?
11
Suppose -2*g - 2 = w, -4*w + w = 4*g. Suppose w*s - 16 = 2*s. Let t be 1 + -1 + 2 - -14. What is the highest common divisor of t and s?
8
Let a(o) = -o**2 - 12*o - 7. Let f be a(-10). Suppose f = -6*v + 1. Let j be v/(-5) - 21/(-35). What is the highest common divisor of j and 2?
1
Let d(i) = i**3 + 7*i**2 - 10*i + 8. Let s be d(-8). Let l(a) = -a**3 - 6*a**2 - 3*a - 2. Let f be l(-6). What is the greatest common divisor of s and f?
8
Suppose 3*b - 162 = -6*b. Calculate the greatest common divisor of 162 and b.
18
Let p = -1 + -1. Let m be (-16 - (-4)/p)*-1. Let h be (-3080)/(-120) - (-12)/9. What is the greatest common divisor of h and m?
9
Let w = 1 + 27. Let t(x) = -2*x**2 + 24*x + 7. Let a = -85 + 97. Let f be t(a). What is the greatest common factor of w and f?
7
Let u = -693 + 764. What is the greatest common factor of u and 71?
71
Let k = -540 - -547. What is the highest common divisor of 77 and k?
7
Let r(o) = 15*o**2 + 27*o + 26. Let z be r(-1). What is the greatest common divisor of z and 469?
7
Suppose -b = b. Suppose b = -3*k - k - 3*l + 235, -115 = -2*k - l. Suppose 0*h - 22 = -h. Calculate the greatest common factor of h and k.
11
Suppose 0 = 4*n + n - 290. What is the highest common divisor of n and 29?
29
Let a = 17 - 17. Let n be (3/1 - a) + 2. Suppose 0 = -n*s - 2*x + 212, 2*x = -2*s - 7 + 93. What is the highest common factor of 14 and s?
14
Suppose -5*k = 4*g - 55, -g - 44*k = -43*k - 13. Calculate the highest common divisor of 670 and g.
10
Suppose h - 3*o - 435 = 0, -4*h + 1733 = -0*h - 5*o. Calculate the greatest common divisor of h and 54.
54
Let j be ((-45)/(-12))/1*4. Let r be 243/18*(-2)/(-3). Let z be 36/r*(-6)/(-8). What is the greatest common divisor of z and j?
3
Suppose 4*f - 397 = -4*s - f, -5*f - 15 = 0. What is the greatest common factor of 103 and s?
103
Let a = 93 + -66. Let o be (-191)/(-21) - 8/84. Calculate the greatest common divisor of a and o.
9
Let d be (3 + 7)*8/(-2). Let c be d*(-2 + 3/2). Let w(v) = 9*v**2 + 2*v - 2. Let b be w(-2). What is the highest common factor of c and b?
10
Let q(g) = g**2 - 11*g - 15. Let d be q(-6). What is the greatest common factor of d and 3?
3
Suppose -140 = -4*d + 1716. Calculate the greatest common factor of 29 and d.
29
Let g(p) = p**2 + 13*p + 30. Let h be g(-10). Suppose -4*q = 2*r - 440, h = 4*q - 3*r - r - 464. Calculate the greatest common factor of q and 14.
14
Let k be (0 + -1)/((-10)/135)*2. What is the greatest common divisor of k and 189?
27
Suppose 4*v = -4*u + 496, 2*u - 3*v = -0*v + 228. Let i = u - 66. What is the greatest common divisor of 216 and i?
54
Let u = 27 